s of t(-7).
3, 5693
Suppose 327310 = 119*c - 48*c. List the prime factors of c.
2, 5, 461
Let f be ((-178)/6)/(4*6/(-72)). Let r = f + 341. List the prime factors of r.
2, 5, 43
Let h(c) = -33*c + 13. Let y be h(-4). Suppose 0 = 2*i - 3*g - y, -i - 3*g - g + 56 = 0. Suppose -7*m + 607 = i. List the prime factors of m.
7, 11
Suppose -i = 2*t - 6, 3*i - 8 = -3*t + 1. Suppose -772 - 36 = -3*g + 5*p, t*g - 768 = -3*p. List the prime factors of g.
3, 29
Let q be (-1 + -1)*(-10)/(-10). Let b(c) = -171*c - 18. List the prime factors of b(q).
2, 3
Let q(j) = -45*j + 4. Let b be q(-1). Let f = 70 - b. Suppose -1 = 5*w - f, -5*c + 176 = 4*w. What are the prime factors of c?
2
Let w = 43687 + -22934. List the prime factors of w.
20753
Suppose -3*x + 1030 = -0*u - 2*u, 3*u - 4*x = -1544. Let p = 756 + u. What are the prime factors of p?
2, 61
Let i(b) = b**3 - 18*b**2 + 15*b + 36. Let x be i(17). Suppose -4*o - 128 = x*u - 0*u, 0 = o - 4*u + 41. Let n = o - -65. What are the prime factors of n?
2
Let n(g) = -g**3 + 7*g**2 - 12*g + 17. Let f be n(7). Let l = 69 + f. Suppose -4 = l*r - 2, -5*j + 2*r + 607 = 0. What are the prime factors of j?
11
Let m be (-4228)/10*(-50)/20. Let i = m + -418. What are the prime factors of i?
3, 71
Let f be (-8730)/(-21) + (-2)/(-7). Suppose -f + 1040 = 4*y. Suppose -2*p - y = -5*p. What are the prime factors of p?
2, 13
Suppose -29*u + 293 = -28*u. Let n = u + -255. What are the prime factors of n?
2, 19
What are the prime factors of 2*(-8 + (4 - 9501/(-2)))?
11, 863
Let j(r) = -3*r - 7. Suppose -d - 3*p = -8, -5*p + 36 = d - 5*d. Let l be j(d). Suppose 4*f + 2*q = 368, -q = l*f - 120 - 337. List the prime factors of f.
7, 13
Suppose 3*y - 24 = -3*l, 2*l - y = -l + 24. Let h be (1*-1 - 0/l)*-1. What are the prime factors of (-7)/9 + h - (-608)/18?
2, 17
Suppose -5*n + 1427 + 973 = 0. Let h = 1038 - n. What are the prime factors of h?
2, 3, 31
Suppose 2*f = -2*v + 5040, 5*f = 2*v + 578 - 5597. List the prime factors of v.
3, 839
Suppose 3605 = 4*l - k, -3*l = 5*k - 1258 - 1486. List the prime factors of l.
3, 7, 43
Suppose -88005 - 675595 = -91*w + 11*w. What are the prime factors of w?
5, 23, 83
Let o(f) = -f**3 + 20*f**2 - 44*f + 8. Let h be o(15). Suppose -7*j = -6*j - k - h, 0 = j + 3*k - 465. List the prime factors of j.
3, 157
Let n = -180 - -499. Let s = 124 + n. What are the prime factors of s?
443
Let o(h) = 9*h**3 + 17*h**2 - 4*h + 8. Let m be o(7). Let g = m + -2515. What are the prime factors of g?
5, 277
Let s(k) = 44*k - 6. Let v be s(-2). Let r be v/18 - (-2)/9. List the prime factors of (-173)/(-5) - (8/r)/4.
5, 7
Suppose -48 = -4*o + 8*o. Let s = o - -9. List the prime factors of 3 - ((-84)/4 + s).
3
Suppose 272 - 1889 = 11*l. Let m be 2*l/18*-3. Suppose -5*r = -25, 3*r = -u + m + 40. List the prime factors of u.
2, 37
Let c(k) = k**2 + 8*k - 11. Suppose 3*f + b = 172, -2*b + b - 170 = -3*f. Let a be f/(-38)*(-8)/2. List the prime factors of c(a).
73
Let c(o) = -o**3 + 16*o**2 - 19*o + 32. Let b be c(15). Let y be (b/(-8) - 4)*-72. Suppose -6*x + 4*x = -y. What are the prime factors of x?
2, 3
Let g = -811 + 4251. List the prime factors of g.
2, 5, 43
Let y = 21 - 25. Let f be (8/(-5))/(y/530). Let v = f + -114. What are the prime factors of v?
2, 7
Let o(g) = -42*g + 80*g + 5 + 20*g**2 - 42*g. List the prime factors of o(-4).
11, 31
Suppose -5 = v - 4*t, -3*v + 2 - 1 = -4*t. Suppose 0 = -0*l - v*l - 54. Let r = 3 - l. What are the prime factors of r?
3, 7
Let w be (-2)/(-8) - (-1324198)/232. Suppose -w = i - 5*i. List the prime factors of i.
1427
Let w = -1774 - -1786. Let y(r) be the third derivative of -r**5/60 + 11*r**4/12 - 23*r**3/6 - r**2. What are the prime factors of y(w)?
97
Suppose p + 0 - 6 = g, -p = 3*g + 10. What are the prime factors of p + 0 - 282*56/(-24)?
2, 3, 5, 11
List the prime factors of (230/(-805) - (-139796)/21)/((-1)/(-3)).
2, 5, 1997
List the prime factors of 15/(-24) - 34734027/(-1272).
2, 3, 37, 41
Let g(v) = -4*v + 38. Let q be g(9). Suppose -2*z - 91 = -5*y - 5*z, -3*y + 66 = -2*z. Suppose 92 = 4*p - q*m, 4*m - y = -m. List the prime factors of p.
5
Let c(i) = -10 + 0 + 2 - 217*i - 1 - 10*i**2. List the prime factors of c(-19).
2, 3, 7
Suppose -34*a + 810542 = 84*a. List the prime factors of a.
6869
Let g(y) = 59*y - 210. Let w be g(22). Suppose -a - w = -3*a. What are the prime factors of a?
2, 17
Suppose -88*i = -92*i + 3*a + 38875, 0 = a - 7. What are the prime factors of i?
2, 11, 13, 17
Let n(t) = 4*t**2 - 36. Let f(x) = x**2 - 43. Let g(c) = -5*f(c) + 6*n(c). Suppose -5*m + 8 = 2*j - 4*j, 5*j - 3*m + 1 = 0. List the prime factors of g(j).
2, 3
Let j(z) be the third derivative of -z**6/30 + 43*z**5/60 + z**4/12 - 11*z**3/6 - 39*z**2. List the prime factors of j(9).
2, 7, 41
Suppose 4*i + 7 = -5. List the prime factors of ((-4)/(-10))/(i/(-2775)).
2, 5, 37
List the prime factors of ((-30150)/(-12))/(-25)*(1 - 309/9).
2, 5, 67
Suppose 27526 = 4*r + 8714. Suppose -5*d - 2*o = -r, 0 = -8*d + 11*d + 2*o - 2821. What are the prime factors of d?
941
Let y(t) = t**2 + 11*t + 1. Suppose -59*z + 57*z = 0. Suppose -3*r = 3*n - z*r + 39, -n - 4*r - 16 = 0. List the prime factors of y(n).
13
Let l(r) = r**2 - 8*r - 8. Let g be l(9). Let q be 9*g*(-11)/(-33). List the prime factors of (q + 123/(-12))*-8.
2, 29
Suppose 22*h - 25*h + 183 = j, -3*j - 2*h = -528. Suppose -1596 = j*x - 178*x. List the prime factors of x.
3, 7, 19
Let w = -57 - -65. Suppose 3*b = w*b + a - 855, 2*a = 10. What are the prime factors of b?
2, 5, 17
Let i = -1781 + 4010. List the prime factors of i.
3, 743
Let d(f) = 20*f**2 + 5*f - 6. Suppose 87 = -9*i - 30. Let h = i + 15. What are the prime factors of d(h)?
2, 3, 7
What are the prime factors of -5 - 36/(-6) - -22974 - (-3)/(-3)?
2, 3, 7, 547
Let i(a) = -639*a + 43. Let v be i(-3). Suppose -4*o = 4*m - v, -2*o - 2422 = -5*m - 0*o. What are the prime factors of m?
2, 3
Let g(v) = -5*v**3 - 17*v**2 + 4*v - 27. Let d(f) = -6*f**3 - 17*f**2 + 4*f - 28. Let k(r) = 6*d(r) - 7*g(r). What are the prime factors of k(9)?
3, 211
What are the prime factors of 3589515/567 + 4/14?
13, 487
Let o(g) = g**3 + 6*g**2 + 7*g + 12. Let i be o(-5). Let p be (0 - i)*(1 - (-1 + 1)). What are the prime factors of (5/p)/(2/(-44)) + 0?
5, 11
Let n be -6 - 1 - -208 - (1 + 2). Suppose -n = 60*r - 66*r. What are the prime factors of r?
3, 11
Let u be 2/(-6) + (-2 - (-66)/9). Let k(b) = b**3 - 6*b**2 + 5*b + 12. Let i be k(u). Suppose i = -4*h, 2*s - 5*h = -94 + 275. What are the prime factors of s?
83
Suppose o - 12063 = -4*w, 3*o = -0*o + 21. What are the prime factors of w?
2, 11, 137
Let q(r) = -r**2 - 25*r + 49. Let b be q(-28). Let z = b - -27. Let w(k) = 2*k**2 - 2*k - 15. What are the prime factors of w(z)?
3, 43
Suppose -4*k = 11*s - 8745, -24*k = -23*k + 5*s - 2184. List the prime factors of k.
11, 199
Suppose -17*j - 7 = -10*j. List the prime factors of -9 - (j - 5) - -457.
2, 227
Let k(x) = 15*x**3 + 2*x**2 - 2*x + 1. Let h be k(4). Suppose -2*j + 1021 = -j - 4*r, 0 = j + 5*r - h. Suppose 0 = -10*a + j + 95. List the prime factors of a.
2, 5, 11
Let n = 3105 + 647. List the prime factors of n/(-16)*(2 - 4).
7, 67
Let p = -20043 + 23470. List the prime factors of p.
23, 149
Suppose 13 = 4*f - j, 4*f - j - 19 = -2*j. Let x be (-330)/(-4) - (-1)/2. Suppose x = f*a - 3*a. List the prime factors of a.
83
Suppose -u + 3*s = 4, u + s + 12 = 4*u. Suppose 5*n + 0*n = u*o - 20, -6 = -o + 3*n. List the prime factors of (-179)/(-4) + 2/24*o.
3, 5
Let i = 9 - 6. Let h(t) = t**3 + 8*t**2 + 11*t - 3. Let m be h(-6). Suppose -m*x + 170 = 5*v + x, x = -i*v + 102. List the prime factors of v.
2, 17
Let h(z) = 3*z**2 + 59*z - 81. Let g be h(33). Suppose 459 = 8*y - g. What are the prime factors of y?
3, 233
Suppose 3595 - 875 = -5*w. List the prime factors of ((-30)/(-8))/((84/w)/(-7)).
2, 5, 17
Let o = 12858 + -671. What are the prime factors of o?
7, 1741
Suppose -q + 262 = -o + 78, 0 = -5*q - o + 890. List the prime factors of q.
179
List the prime factors of (861/(-21) + 11)*7611/(-5).
2, 3, 43, 59
Suppose 4*p + 5 + 8 = z, -4*z = -5*p - 8. Let u(g) be the first derivative of -13*g**2 - 18*g + 4. What are the prime factors of u(p)?
2, 43
Suppose -30 = 55*s - 70*s. Suppose -b = -3*g + 4*g, 